{"version":"1.0","provider_name":"Observatorio Tecnol\u00f3gico de Hidalgo","provider_url":"https:\/\/otech.uaeh.edu.mx\/noti","author_name":"admin","author_url":"https:\/\/otech.uaeh.edu.mx\/noti\/author\/admin\/","title":"La lucha por encabezar la 5G - Observatorio Tecnol\u00f3gico de Hidalgo","type":"rich","width":600,"height":338,"html":"<blockquote class=\"wp-embedded-content\" data-secret=\"SCftAc6K5h\"><a href=\"https:\/\/otech.uaeh.edu.mx\/noti\/tecnologia-5g\/la-lucha-por-encabezar-la-5g\/\">La lucha por encabezar la 5G<\/a><\/blockquote><iframe sandbox=\"allow-scripts\" security=\"restricted\" src=\"https:\/\/otech.uaeh.edu.mx\/noti\/tecnologia-5g\/la-lucha-por-encabezar-la-5g\/embed\/#?secret=SCftAc6K5h\" width=\"600\" height=\"338\" title=\"&#8220;La lucha por encabezar la 5G&#8221; &#8212; Observatorio Tecnol\u00f3gico de Hidalgo\" data-secret=\"SCftAc6K5h\" frameborder=\"0\" marginwidth=\"0\" marginheight=\"0\" scrolling=\"no\" class=\"wp-embedded-content\"><\/iframe><script>\n\/*! This file is auto-generated *\/\n!function(d,l){\"use strict\";l.querySelector&&d.addEventListener&&\"undefined\"!=typeof URL&&(d.wp=d.wp||{},d.wp.receiveEmbedMessage||(d.wp.receiveEmbedMessage=function(e){var t=e.data;if((t||t.secret||t.message||t.value)&&!\/[^a-zA-Z0-9]\/.test(t.secret)){for(var s,r,n,a=l.querySelectorAll('iframe[data-secret=\"'+t.secret+'\"]'),o=l.querySelectorAll('blockquote[data-secret=\"'+t.secret+'\"]'),c=new RegExp(\"^https?:$\",\"i\"),i=0;i<o.length;i++)o[i].style.display=\"none\";for(i=0;i<a.length;i++)s=a[i],e.source===s.contentWindow&&(s.removeAttribute(\"style\"),\"height\"===t.message?(1e3<(r=parseInt(t.value,10))?r=1e3:~~r<200&&(r=200),s.height=r):\"link\"===t.message&&(r=new URL(s.getAttribute(\"src\")),n=new URL(t.value),c.test(n.protocol))&&n.host===r.host&&l.activeElement===s&&(d.top.location.href=t.value))}},d.addEventListener(\"message\",d.wp.receiveEmbedMessage,!1),l.addEventListener(\"DOMContentLoaded\",function(){for(var e,t,s=l.querySelectorAll(\"iframe.wp-embedded-content\"),r=0;r<s.length;r++)(t=(e=s[r]).getAttribute(\"data-secret\"))||(t=Math.random().toString(36).substring(2,12),e.src+=\"#?secret=\"+t,e.setAttribute(\"data-secret\",t)),e.contentWindow.postMessage({message:\"ready\",secret:t},\"*\")},!1)))}(window,document);\n<\/script>\n","thumbnail_url":"https:\/\/otech.uaeh.edu.mx\/noti\/wp-content\/uploads\/2019\/06\/Notic.1-11.jpg","thumbnail_width":600,"thumbnail_height":350,"description":"Con el veto a Huawei (antecedido de la aprehensi\u00f3n en Canad\u00e1 de su vicepresidenta de la compa\u00f1\u00eda, Meng Wanzhou) por parte del presidente Donald Trump (quien se sum\u00f3 al boicot promovido por otras naciones, entre ellas Reino Unido y Jap\u00f3n), se revela que su guerra comercial con China es tambi\u00e9n una contienda por encabezar la [&hellip;]"}

Observatorio Tecnológico de Hidalgo

La lucha por encabezar la 5G - Observatorio Tecnológico de Hidalgo

<blockquote class="wp-embedded-content" data-secret="SCftAc6K5h"><a href="https://otech.uaeh.edu.mx/noti/tecnologia-5g/la-lucha-por-encabezar-la-5g/">La lucha por encabezar la 5G</a></blockquote><iframe sandbox="allow-scripts" security="restricted" src="https://otech.uaeh.edu.mx/noti/tecnologia-5g/la-lucha-por-encabezar-la-5g/embed/#?secret=SCftAc6K5h" width="600" height="338" title="&#8220;La lucha por encabezar la 5G&#8221; &#8212; Observatorio Tecnológico de Hidalgo" data-secret="SCftAc6K5h" frameborder="0" marginwidth="0" marginheight="0" scrolling="no" class="wp-embedded-content"></iframe><script>
/*! This file is auto-generated */
!function(d,l){"use strict";l.querySelector&&d.addEventListener&&"undefined"!=typeof URL&&(d.wp=d.wp||{},d.wp.receiveEmbedMessage||(d.wp.receiveEmbedMessage=function(e){var t=e.data;if((t||t.secret||t.message||t.value)&&!/[^a-zA-Z0-9]/.test(t.secret)){for(var s,r,n,a=l.querySelectorAll('iframe[data-secret="'+t.secret+'"]'),o=l.querySelectorAll('blockquote[data-secret="'+t.secret+'"]'),c=new RegExp("^https?:$","i"),i=0;i<o.length;i++)o[i].style.display="none";for(i=0;i<a.length;i++)s=a[i],e.source===s.contentWindow&&(s.removeAttribute("style"),"height"===t.message?(1e3<(r=parseInt(t.value,10))?r=1e3:~~r<200&&(r=200),s.height=r):"link"===t.message&&(r=new URL(s.getAttribute("src")),n=new URL(t.value),c.test(n.protocol))&&n.host===r.host&&l.activeElement===s&&(d.top.location.href=t.value))}},d.addEventListener("message",d.wp.receiveEmbedMessage,!1),l.addEventListener("DOMContentLoaded",function(){for(var e,t,s=l.querySelectorAll("iframe.wp-embedded-content"),r=0;r<s.length;r++)(t=(e=s[r]).getAttribute("data-secret"))||(t=Math.random().toString(36).substring(2,12),e.src+="#?secret="+t,e.setAttribute("data-secret",t)),e.contentWindow.postMessage({message:"ready",secret:t},"*")},!1)))}(window,document);
</script>

Con el veto a Huawei (antecedido de la aprehensión en Canadá de su vicepresidenta de la compañía, Meng Wanzhou) por parte del presidente Donald Trump (quien se sumó al boicot promovido por otras naciones, entre ellas Reino Unido y Japón), se revela que su guerra comercial con China es también una contienda por encabezar la [&hellip;]
